. What is the highest common divisor of u and 56?
14
Let r(f) = -13*f - 11. Let j be r(-2). Suppose -j*y - 396 = -3*y. Let s = 81 + y. Calculate the greatest common factor of 36 and s.
12
Suppose -1120 = -6*b - 82. Suppose 5*z - 279 = m, -3*z + 4*m + b = 9*m. What is the highest common factor of 8 and z?
8
Let b be (-12)/(-10) + 12/120*98. Calculate the greatest common factor of b and 15301.
11
Let b = 158 + -71. Let l(c) = -20*c**3 + 3*c + 2. Let q be l(-1). Let z = q + 39. What is the greatest common factor of z and b?
29
Let o(n) = 2*n**2 + 55*n - 13. Let v be o(-28). Let a be v + (-7)/(3 + -2). Let k = 1 - -1. What is the greatest common factor of k and a?
2
Let k = -550 - -893. Let a = k - 203. What is the highest common divisor of a and 35?
35
Let g = 138 + -138. Suppose -5*f + 1042 = 4*z, g = 6*z - 4*z + 2*f - 520. Calculate the highest common factor of 6 and z.
6
Let i(a) = -a**3 - 11*a**2 - 5*a - 29. Let j be i(-8). Let v = 220 + j. What is the highest common factor of 195 and v?
39
Suppose 12*v + a = 22, 0 = -10*a + 8*a - 4. Calculate the highest common divisor of v and 422.
2
Let p(f) = -f**3 - 7*f**2 - 16*f - 27. Let o be p(-7). Calculate the greatest common divisor of 544 and o.
17
Suppose 2*c = -0*d - 5*d + 286, 516 = 4*c - 4*d. What is the highest common factor of 28063 and c?
133
Suppose -199*l + 2586 = -1394. What is the highest common factor of 500 and l?
20
Let i be 149/(13/((-6929)/(-13))). What is the highest common factor of 149 and i?
149
Suppose 24*s + 31*s - 32864 = -103*s. Let x(q) = q**2 + 0*q**3 - q**3 - 3*q + 2*q**3 - 1. Let n be x(3). Calculate the greatest common divisor of n and s.
26
Suppose 293*h + 1862 = 307*h. What is the greatest common factor of h and 171?
19
Let u(x) = 93*x**3 - x**2 + x - 1. Let o be u(1). Let j be ((-10)/(19 + 11))/(((-6)/414)/1). Calculate the highest common divisor of o and j.
23
Let h be (205/2 + -5)*-2. Let v = -183 - h. What is the greatest common divisor of 108 and v?
12
Let a = 122 - 94. Suppose -2*w + 42 = -0*w - 4*q, -q = 2*w - 27. Let x be 114 - (-5)/w*-6. What is the greatest common factor of a and x?
28
Let x(u) = 1374*u - 6452. Let w be x(6). What is the greatest common divisor of w and 154?
14
Let v(n) = -n**3 - 20*n**2 - 35*n + 25. Let r be v(-18). Let c be (-12)/(-15)*(-70)/(-4). Calculate the highest common divisor of r and c.
7
Let v(o) = -62*o + 51. Let j be v(-2). Let z be 2/(-17) + 3576/51. Calculate the highest common divisor of j and z.
35
Let r(t) = t**3 - 40*t**2 + 80*t - 9. Let s be r(38). Calculate the greatest common factor of 88 and s.
11
Let x(j) = 155*j**2 - 2*j + 6. Let k be x(2). Let s = k - 444. Suppose s = 9*b - 11. Calculate the greatest common divisor of b and 3.
3
Suppose 4*s + 1306*q = 1309*q + 19, 5*q = -s - 1. What is the highest common divisor of 2072 and s?
4
Let c(u) = u**3 - 25*u**2 + 31*u - 2. Let x be c(24). Let k = x + -132. What is the highest common factor of k and 272?
34
Suppose -1067 = 8*j - 27. Let r = -88 - j. What is the highest common divisor of 546 and r?
42
Let n be 4/9*(-657)/(-292). Calculate the greatest common factor of n and 434.
1
Let w(u) be the third derivative of -u**5/30 - 25*u**4/12 - 2*u**2 - 3*u. Let b be w(-24). Calculate the highest common divisor of 30 and b.
6
Suppose -5*d + 2*t + 3*t = 2060, 0 = 3*t - 3. Let n = d + 489. Suppose 5*l = 0, 99 = 2*r - 2*l - 5. Calculate the highest common factor of n and r.
26
Suppose 595 = 5*f - 5*s, -210*s = -2*f - 213*s + 228. What is the highest common divisor of 657 and f?
9
Suppose -7*n - 25*n - 43*n = -11250. Calculate the greatest common factor of 855 and n.
15
Let i = -3987 - -4006. What is the highest common divisor of i and 1938?
19
Suppose 7*v + 3 = 5*q + 4*v, 0 = -4*q + 5*v + 5. Suppose q = 58*f - 54*f - 180. What is the highest common factor of 60 and f?
15
Suppose -4*h = -2*j - 20, 3*h + 5*j = -2*h + 10. Let m be ((-210)/12)/5*(h - 144). What is the greatest common divisor of m and 10?
10
Let n(s) be the first derivative of s**4/4 + 23*s**3/3 + 39*s**2/2 + 4*s - 112. Let f be n(-21). Calculate the highest common divisor of f and 871.
67
Let b(n) = 0*n**3 - 5*n + 5*n**2 - n + n**3 - 3. Suppose 97*f + 82 + 403 = 0. Let p be b(f). What is the highest common factor of p and 216?
27
Suppose 3*w - 8 = -2. Let l(c) = 0*c**2 + 329 - 5*c - c**w - 323. Let f be l(-5). What is the greatest common divisor of 24 and f?
6
Let t = -2 + 11. Let v(w) = 14*w + 20. Let i be v(0). Suppose i*y - 72 = 12*y. Calculate the highest common factor of t and y.
9
Suppose -569 = 2*n + 71. Let y be (n/400)/((-2)/70*2). Calculate the highest common factor of y and 70.
14
Let u(z) = -z**2 - 24*z - 33. Let n be u(-9). Suppose 17*o = 158 + 46. What is the highest common factor of n and o?
6
Let x be 3 - 250548/(-42) - 3 - 12/(-21). What is the highest common divisor of x and 38?
38
Let b(w) = 10*w**2 - 93*w + 254. Let j be b(4). What is the greatest common divisor of j and 50?
2
Suppose -26*a + a = -200. Let b(d) = d**3 - 7*d**2 - 8*d + 4. Let i be b(a). What is the greatest common divisor of 456 and i?
4
Let n(t) = -4*t + 50. Let k be n(-6). Let q = k + -59. What is the highest common divisor of q and 6?
3
Let j be 15 - (168/(-10) + (-27)/(-15)). Let w(f) = -f**2 + 7*f. Let y be w(6). What is the greatest common divisor of j and y?
6
Suppose -5*x + 469 = -n - 494, n = -3. Suppose 0 = 4*f + 645 - 229. Let o = x + f. Calculate the greatest common factor of o and 8.
8
Suppose -4*f = -2*r - 214, f - 3*r + 4*r = 55. Let w = -48 + f. Let k(y) = 3*y**2 + 23*y - 44. Let a be k(-11). What is the highest common factor of w and a?
6
Suppose -12*b + 2374 - 562 = 0. What is the greatest common factor of 7399 and b?
151
Let s(t) = 18 - 18*t - 31*t - 7*t + 31*t. Let w be s(0). What is the greatest common factor of w and 252?
18
Let u = 60861 - 60856. Let c be (13/(-5) - -2)*-5. Suppose -c*h + 4*m + 0*m + 124 = 0, -2*m = -h + 42. Calculate the greatest common divisor of u and h.
5
Let x be 388*(13/2*42/84 - -2). What is the highest common factor of 105 and x?
21
Let j(b) = -2*b + 30. Let i be j(14). Suppose 3 = i*a - 5. Suppose -a*c - 1 + 25 = 4*m, -4*c + 2*m + 12 = 0. What is the greatest common factor of c and 6?
2
Suppose 2*o = j + 1305, -13 = -4*j + 7. Let f = -564 + o. Calculate the greatest common divisor of f and 65.
13
Suppose 0 = 250*c + 30433 - 118433. What is the greatest common divisor of 5918 and c?
22
Let k(z) be the second derivative of z**3/3 + 8*z**2 - 52*z. Let v be k(-20). Let f be 45 - (1/3)/((-2)/v). What is the highest common factor of 205 and f?
41
Let j be (12 + 3)*600/90. Calculate the highest common factor of j and 1220.
20
Let r(b) be the third derivative of b**5/60 + 11*b**4/8 + 41*b**3/3 - b**2 + 27. Let q be r(-35). Calculate the greatest common divisor of q and 38.
38
Let k = -137 - -188. Let w be (-6)/(-3) + 0/4 - -15. Calculate the greatest common divisor of k and w.
17
Suppose 3*w - 5*w = -616. Let g be (-14)/(-12)*6 - -21. Calculate the greatest common divisor of w and g.
28
Let d = 5732 + -5277. What is the highest common factor of 98 and d?
7
Let q(r) = -7*r**3 - 38*r**2 - 17*r + 7. Let j be q(-5). What is the highest common factor of j and 3553?
17
Suppose -80 - 5 = -4*j - 3*t, -53 = -2*j - 3*t. Suppose 0*f + 2*i + 56 = 4*f, 16 = -4*i. Calculate the highest common factor of f and j.
4
Let z(o) = 2*o**2 + 3*o. Let j be z(-4). Let m = -83 + 97. Let g be (-15 + m)*20*-1. What is the highest common divisor of j and g?
20
Let n(d) = 19*d**2 - 33*d + 141. Let o be n(6). Calculate the greatest common divisor of o and 5187.
57
Suppose 6*x - 42 = -x. Suppose x*u = u + 100. Calculate the highest common divisor of 60 and u.
20
Suppose 586*w - 3*h = 588*w - 1128, 5*h + 1635 = 3*w. What is the highest common divisor of 3515 and w?
185
Suppose -21*w = 9*w + 2*w - 576. What is the highest common factor of 3546 and w?
18
Suppose s + 1513 = 2*u + 194, -5*u = 4*s - 3304. Calculate the greatest common divisor of 1 and u.
1
Suppose 16*j = 13*j + 318. Let y = -97 + j. What is the greatest common factor of 99 and y?
9
Let z be 0/(1 + 4/4) + 2. Let q be ((-19)/z)/((81/(-288))/9). What is the greatest common divisor of 16 and q?
16
Let w(y) = -76*y - 420. Let k be w(-10). What is the greatest com